 z(q) = -q**2 - 3*q - 2. Let n(h) = i*z(h) - 4*d(h). Give n(-6).
-4
Let p(w) be the third derivative of w**6/720 - w**5/40 - w**4/24 - w**2. Let k(y) be the second derivative of p(y). Let h = -8 - -12. Give k(h).
1
Let a(y) be the first derivative of 2*y**3/3 - 3*y**2 - 3*y - 326. Determine a(-5).
77
Let w(v) = 2*v + 1 + 7*v - 6*v + 5. Let r(y) = y**3 + 9*y**2 - 20*y + 18. Let l be r(-11). Calculate w(l).
-6
Suppose -10*k - 18 = -4*k. Let q(z) = -4*z + 8. Let j(f) = 7*f - 12. Let n(d) = -5*j(d) - 8*q(d). Give n(k).
5
Let s(p) = p**2 - 11*p - 2. Let h be 7/(-3)*3/(-9)*9. Give s(h).
-30
Let v(j) = -j**3 - j**2. Let c be v(-1). Let n(m) = 1 + c - m**2 + 2*m**2. Let o be n(-2). Let i(l) = -l**3 + 5*l**2 - 2*l + 5. What is i(o)?
-5
Let v(m) be the first derivative of -m**3/3 + 3*m**2 + 11*m + 2457. Suppose -21 = -2*q - 3. What is v(q)?
-16
Let m(g) = -g**3 - 4*g**2 + 14*g - 12. Let d(l) = l**2 + l. Let q(j) = 5*d(j) - m(j). What is q(-10)?
2
Suppose -16 - 17 = -11*s. Let r(q) = -q**2 - 3*q + 5. Give r(s).
-13
Let d(x) be the second derivative of 1/6*x**3 + 1/4*x**4 + 0 + 1/20*x**5 + 14*x + 1/2*x**2. What is d(-2)?
3
Let y(z) = z**3 + 5*z**2 + 5*z + 23. Let u be y(-5). Let l(c) = -17*c - 1. Calculate l(u).
33
Let t be 1*(1 - (1 - 1)). Let d(s) = -24*s**2 - 11*s + 14. Let z(y) = -8*y**2 - 4*y + 5. Let r(u) = 4*d(u) - 11*z(u). Give r(t).
-7
Let f(q) be the first derivative of 3*q - 46 + 3/2*q**2 + 1/3*q**3 - 1/4*q**4. Calculate f(3).
-6
Let t(d) = d - 20. Suppose 18 = h - 2*x, -h - 4*x = -16 + 10. Determine t(h).
-6
Suppose -2*f + 10 = 0, -2*z - 3*f - 65 = -4*f. Let g(o) = -8*o + 4. Let c be g(-4). Let k = z + c. Let s(x) = x**3 - 5*x**2 - 8*x + 3. What is s(k)?
-9
Let s = 64 + -56. Let w(i) = s - 9 + i + 1 + 4. Determine w(-4).
0
Let w(n) = n**3 - n. Let s(y) = -y**3 - 7*y**2 + 10*y + 3. Let o(v) = s(v) + 2*w(v). Calculate o(5).
-7
Let t(j) be the third derivative of j**6/120 - j**4/12 - 2*j**3/3 + j**2. Let p = 112 - 184. Let k = p - -75. Determine t(k).
17
Let l(h) = h**2 - 7*h - 1. Suppose 7*s = 8*s - 4. Suppose -v - 20 = -s*m, 62 = -5*v + m - 0*m. Let z be ((-27)/v - 1)*4. Determine l(z).
-11
Let m(a) = -a - 3. Suppose -4*o - 23 + 7 = 0. Let q be m(o). Let k(y) = 9*y - 5*y + y + q. Determine k(2).
11
Let h(u) = u**2 + 1. Let s(x) = -x - 1. Let o(t) = h(t) + 3*s(t). Suppose 4*k = 3*b + 27, 3*k - 5*b = k + 17. Let j = -2 + k. What is o(j)?
2
Let u(c) be the first derivative of c**3/3 - c**2/2 - 12*c - 24. Calculate u(0).
-12
Let g be ((-60)/(-25))/(2/5). Suppose g*z = 2*z. Let x(t) = z*t - 6*t - 2 + 8*t. Calculate x(2).
2
Let w(q) = q**3 - 3*q**2 - q + 11. Let f be w(5). Let z = 54 - f. Let y(x) = 4*x**2 + 3*x + 1. Determine y(z).
11
Suppose -12 = -6*c + 12. Suppose -v + 3*z = 16, -c*v + 10 = v + 3*z. Let y(w) = w. Calculate y(v).
-1
Let q(h) = h - 1. Suppose 0 = 3*w - 6 - 0. Suppose 2*j = 3*j + w. Let d be ((-7)/j - 1)*-2. What is q(d)?
-6
Suppose 3*o + 348 = 369. Let x(h) = h**2 - 9*h + 15. What is x(o)?
1
Let n(v) = -13*v**3 + 9*v**2 + 13*v + 4. Let w(y) = 24*y**3 - 17*y**2 - 24*y - 7. Let a(r) = -11*n(r) - 6*w(r). Determine a(2).
4
Let l(t) be the third derivative of -t**6/120 - t**5/30 + 7*t**4/24 + t**3 - 139*t**2 + t. Calculate l(-4).
10
Let n(u) = u**2 - 195. Let d be n(14). Let a(q) = -43*q**3 + 2*q - 1. What is a(d)?
-42
Let o(p) = 4*p**2 + 3*p + 3. Let r(k) = 19*k**2 + 13*k + 14. Let b(w) = 9*o(w) - 2*r(w). What is b(0)?
-1
Let m(y) be the third derivative of -2*y**4/3 + 4*y**3/3 - 2*y**2 + 258*y. Determine m(6).
-88
Let b(q) = -293*q**2 + 3*q + 584*q**2 - 292*q**2 + 3. What is b(5)?
-7
Let p(d) = -d**2 + 10*d - 19. Let k(a) = a**3 + 7*a**2 - 17*a + 15. Let x be k(-9). Calculate p(x).
5
Let h(k) = k - 17. Suppose -2*u - 2*o + 18 = 0, -5*u + 6*o + 45 = 5*o. Determine h(u).
-8
Let o be (-12)/(-54) - 3*(-58)/(-54). Let a(c) = -c**3 - 4*c**2 - c + 1. Determine a(o).
-5
Let q(f) be the second derivative of 1/2*f**2 + f**3 - 5*f + 0. Suppose 4 = -5*y - 1. Determine q(y).
-5
Let o(s) be the first derivative of -s**2 - 5*s + 23529. Let r be (-4)/6 + 10/(-3). Let u be 8*(-1)/(r/(-3)). Calculate o(u).
7
Let x(u) = u**2 + 2*u. Let w = 642 - 645. Calculate x(w).
3
Let s(z) be the second derivative of z**8/6720 - z**7/315 + z**6/120 + z**5/60 - 25*z**4/6 - 18*z. Let b(n) be the third derivative of s(n). What is b(7)?
-5
Let h(k) = 5*k**2 + 8*k - 5. Suppose -5*r + 29 = 4*a, -3*a - 3*r + 10 = -11. Let v(l) = -8 + 13 - 5 - l**2. Let y(c) = a*v(c) + h(c). Calculate y(7).
2
Suppose -5*t = 5*j + 35, -2*t - j = -0*t + 10. Let a(u) be the first derivative of -u**3/3 - u**2/2 + 4*u - 170. Determine a(t).
-2
Let i = -10 + 7. Let q = -64 + 67. Let s(t) = q + 13*t - 11*t + t**2 - 7. Determine s(i).
-1
Let h(y) = -y**2 + 9*y - 10. Suppose 42 = 17*a - 15*a. Suppose x = -2*x + a. Determine h(x).
4
Let u(t) = t**3 - 6*t**2 + 7*t - 7. Let q(r) = -8*r + 2 + 6*r - 5*r**2 + r**3 + 4*r**2 + 5*r**3. Let s be q(1). What is u(s)?
3
Let q(t) = -3*t**3 - 58*t**2 + 23*t + 44. Let m(b) = b**3 + 20*b**2 - 8*b - 15. Let w(s) = 17*m(s) + 6*q(s). What is w(-8)?
-7
Let r(k) = -5*k + 37. Suppose 3*s - 87 + 66 = 0. Determine r(s).
2
Let r = -534 - -544. Let f(k) = k**2 - 13*k + 24. Determine f(r).
-6
Let j(h) = 5*h**3 + 0*h + h - 1 - 3*h. Suppose 3*x + a - 106 = -14, -2*x + 70 = 5*a. Let u = x + -31. Calculate j(u).
-4
Suppose 16 + 24 = 8*r. Let m = 5 + -1. Suppose 3*f + r = -m. Let j(d) = -2*d**2 - 3*d + 1. Calculate j(f).
-8
Let o = 3697/12 + -308. Let u(v) be the second derivative of o*v**4 + 2/3*v**3 + 1/2*v**2 + 6*v + 0. What is u(-3)?
-2
Let a be 323/(-38) + 9/6. Let l(u) = -u**2 - 10*u - 15. Calculate l(a).
6
Let c(h) = -4*h**2 + 186*h + 193*h - 378*h - 9. Let y(m) = 9*m**2 - 2*m + 19. Let k(g) = 7*c(g) + 3*y(g). What is k(5)?
-26
Suppose -116 = -12*x + 16. Let s(p) = -p**3 + 11*p**2 + p - 17. Determine s(x).
-6
Let v(i) be the first derivative of 1/20*i**5 - 1 + 2/3*i**3 + 1/2*i**4 - 3/2*i**2 + 4*i. Let j(m) be the first derivative of v(m). Give j(-5).
2
Let f(z) = 12*z**2 + z + 1. Let x be (2 - 14/5) + (-7)/35. Calculate f(x).
12
Let t(l) = l**3 - 10*l**2 + 16*l - 9. Suppose 97*d - 510 - 266 = 0. Calculate t(d).
-9
Let q be (5/2)/(2/(-4)). Let j(z) be the first derivative of -z**4/4 - 2*z**3 - 3*z**2 + z - 1576. Calculate j(q).
6
Let d(y) = -y**3 + 6*y**2 + 6*y - 4. Suppose 4*s - 47 = -19. Calculate d(s).
-11
Let m(g) be the third derivative of g**6/120 - g**4/24 - g**3/2 + 2*g**2. Suppose 0 = 1365*t - 1368*t. Calculate m(t).
-3
Let b(j) = -j**3 - 3*j**2 + 6*j + 4. Suppose 0 = 5*q + 4*r - 5*r + 3, -6 = -2*q - 2*r. Suppose -n + q + 3 = 0. Let m be 1 + (-2 - n/1). Give b(m).
-4
Let o(i) = -30*i**3 + 4*i**2 - 13*i + 14. Let w(l) = 11*l**3 - l**2 + 5*l - 5. Let c(g) = -4*o(g) - 11*w(g). What is c(-3)?
-10
Let n(x) = -9*x - 142. Let z be n(-17). Let h(b) = -b**2 + 10*b - 10. Calculate h(z).
-21
Let s(p) = -5*p**3 - p**2 + p + 1. Suppose 82*f - 75*f = -7. Give s(f).
4
Let i(t) = t**3 - t**2 + 3*t - 11. Let q be 0/((-10)/(45/9)). What is i(q)?
-11
Let f(z) = 5*z**2 - 3*z - 1. Let o(c) = -c**2 + c. Let a(w) = 2*f(w) + 11*o(w). Give a(6).
-8
Let u(w) = -w + 4. Suppose v - 3 = 3*r + 10, 3*v + 17 = -5*r. Let k = 6 + r. Suppose 3*a - 25 = -k*a. Calculate u(a).
-1
Let a(f) = 7*f**3 + 6*f**2 + f + 16. Let i(u) = -6*u**3 - 5*u**2 - u - 15. Let b(p) = 5*a(p) + 6*i(p). Give b(0).
-10
Let c(j) = -3*j - 2. Let l(s) = -s. Let g(u) = c(u) - 2*l(u). Let m = 85 + -87. Give g(m).
0
Let j(c) = -3*c**2 - c - 3. Let g(m) = -2*m**2 - m - 2. Let z(q) = 4*g(q) - 3*j(q). Calculate z(-3).
13
Let i(q) be the third derivative of q**5/60 - 13*q**4/24 + 4*q**3/3 - 403*q**2. Determine i(11).
-14
Let o be 1*3 - (-6 + 7). Let x = -8 + o. Let d(k) = 2 + 7*k - 2*k**2 + 3*k**2 + 0*k**2. Determine d(x).
-4
Let t(u) = u**2 - 10*u + 10. Let r be t(8). Suppose -7*h + 3*h + 32 = 0. Let y(n) = 145*n**2 + 3*n - n**3 - 152*n**2 - h*n. Determine y(r).
-6
Suppose 213*h + 26 = 226*h. Let z(l) = 6*l**2 - l + 1. Calculate z(h).
23
Let q(t) = t. Let n(z) = 8*z**2 - 4*z - 2. Let s be n(-2). Let u = s - 42. Give q(u).
-4
Let l(v) = 4*v**2 + 13*v + 4. Let w(z) = -3*z**2 - 12*z - 3. Suppose p = -7 + 11. Let h(r) = p*l(r) + 5*w(r). Determine h(7).
-6
Let l(w) = -w**2 + w + 7. Let r = 691 + -695. Calculate l(r).
-13
Let f(o) = 3*o 